e factors of 3124/20 + (-8)/d.
157
Let x = -3196 - -1798. Let y = x - -2065. What are the prime factors of y?
23, 29
List the prime factors of 607604/40 - (-21)/(-210).
2, 5, 7, 31
Let z(k) = k - 13*k - 84 + 29 - 16*k + k**2. Let d be z(30). Suppose -9*i + 524 = -d*i. What are the prime factors of i?
131
Suppose -39*y + 36*y - 156 = 0. What are the prime factors of (0 - 1)/(-1)*(y + 453)?
401
Let f = -18565 - -43531. List the prime factors of f.
2, 3, 19, 73
Let v(m) = m - 4. Let o(h) = -2*h + 3. Let x(d) = 6*o(d) + 5*v(d). Let t be x(4). What are the prime factors of t/(62/(-28) + 2) + 3?
11, 13
Let t be (2/3)/(2/3). Let i be 9 + (t - (-4 + 5)). Suppose i*y = 17*y - 800. List the prime factors of y.
2, 5
List the prime factors of -18*(-32972)/18 + -23.
3, 7, 523
Suppose -148*u + 11014605 = 5519140 - 8794823. What are the prime factors of u?
2, 101, 239
Suppose -16 = 3*z - 7*z. Suppose 18*a = -z*a + 9812. List the prime factors of a.
2, 223
Suppose 3*m = 3*f + 7155, 5*m - f = -1445 + 13354. What are the prime factors of m?
2381
Suppose -850 = -3*z + 245. List the prime factors of z - ((-24)/(-6) + 1).
2, 3, 5
Let j be (-16)/(-40) - 3/(-5). Suppose 3*l + j = 70. Suppose 19 = 3*s - l. What are the prime factors of s?
2, 7
What are the prime factors of (7 - (2288/56 - 3))*1750/(-4)?
2, 3, 5
Suppose 2*h + 2*h = 4*v + 37368, h + 4*v - 9327 = 0. List the prime factors of h.
3, 11, 283
Let z = -44 + 61. Suppose 10*f - z*f = -1134. What are the prime factors of f?
2, 3
Let t(x) = 2*x - 26. Let c be t(12). Let o be (7 - 7)*c/(-4). List the prime factors of (-2 - 2) + (o - 6 - -173).
163
Suppose 11 + 10 = 7*n. Suppose -w - 2*g + n*g + 514 = 0, -3*g = 3*w - 1530. List the prime factors of (10/(-16)*2)/((-4)/w).
2, 5
Suppose -9*n = -10*n + 94. Suppose -p - n = -1145. What are the prime factors of p?
1051
Let a be (104/6)/(338/(-39) + 8). Let n = 235 - a. List the prime factors of n.
3, 29
Let o = 39 + -35. Suppose 3*a = -o*k + 1181, -5*a = 4*k + 275 - 1454. What are the prime factors of k?
2, 37
Let l(v) = 131*v + 84 + 81 - 112*v. What are the prime factors of l(43)?
2, 491
Let y = -705 - -714. What are the prime factors of 2 + (-20)/y - 25168/(-18)?
2, 3, 233
Let d(i) = 4*i**2 - 440*i - 5. What are the prime factors of d(112)?
3, 11
Let j be (4 - 20/(-15))*(-213)/2. Let d = -324 - j. What are the prime factors of (-14)/6 - -3 - d/(-3)?
2, 41
Suppose -3*d = -2*w + 5499, 14*w = 10*w + d + 11023. List the prime factors of w.
3, 919
Let s(k) = 18*k + 29. Let p(b) be the third derivative of -b**4/4 - 5*b**3/3 + 16*b**2. Let n(j) = -8*p(j) - 3*s(j). What are the prime factors of n(-4)?
17
Let m be 2272/18 + (4 - (-152)/(-36)). Suppose 0 = -z - 2*z. Suppose -m = -h - z. List the prime factors of h.
2, 3, 7
Let y = 91 - 92. List the prime factors of y/1*1/(1/(-291)).
3, 97
Let u(q) = -1153*q**3 + 4*q**2 + 6*q + 2. Let m be u(-1). Let x = -450 + m. List the prime factors of x.
19, 37
Suppose -2*s - 3580*l = -3577*l - 82104, -s + 2*l + 41024 = 0. List the prime factors of s.
2, 3, 5, 19
Suppose 154128 = 846*s - 834*s. List the prime factors of s.
2, 13, 19
Let s(i) be the second derivative of 95*i**3/6 + 6*i**2 + 51*i. What are the prime factors of s(3)?
3, 11
Suppose -4*y + 36 = -4*u, -2*y - 3*u - 3 - 4 = 0. Suppose -4*i = -y, -4*w - 2*i + 26 = -1460. What are the prime factors of w?
7, 53
Let y = -46 + 49. Let t(z) = -11*z**2 + 19*z**y + 9*z**2 + 15*z**3 + 1. List the prime factors of t(1).
3, 11
Suppose 21*c = -5*c + 2*c + 216168. List the prime factors of c.
9007
Suppose 5*z - 4*i + 0*i = 16602, 4*z - 4*i = 13284. Suppose 2*y = z - 426. List the prime factors of y.
2, 3, 241
Suppose 0*f = -5*f, -5*f = v - 45. Let a = v - 45. Suppose -102 = -b - 0*k - 2*k, -5*b - 3*k + 496 = a. What are the prime factors of b?
2, 7
Let i(s) = 10*s**2 + 13*s - 35. Let d be (0*(-2)/(-10))/1. Let m be 2 + d + (-15 - -17). List the prime factors of i(m).
3, 59
Let i = -10262 - -15808. List the prime factors of i.
2, 47, 59
Let h = -4710 - -18326. List the prime factors of h.
2, 23, 37
Let l(b) = 699*b**2 + 68*b - 82. Let o(p) = 233*p**2 + 22*p - 27. Let f(t) = 4*l(t) - 11*o(t). List the prime factors of f(1).
2, 29
Suppose 5*f - 60659 = -x, -8*f - 17*x = -11*f + 36237. List the prime factors of f.
2, 5, 1213
Suppose 138 = 3*k + 1620. Let o = 931 + k. List the prime factors of o.
19, 23
Let u(d) = -355*d + 35. Let i be u(-2). Suppose -4*n + i + 836 = -3*t, 3*n = t + 1192. What are the prime factors of n?
3, 7, 19
Let u(i) = i**3 + 11*i**2 + 4. Let q be u(-11). Let f be ((-18)/q)/((-6)/(-264)). List the prime factors of f/(-24)*8/3.
2, 11
Suppose 3*s + 9 = -2*p, 0*p - 5*s = -2*p - 33. List the prime factors of p/(135/40)*2637/(-12).
2, 293
Let z = 102 + -99. List the prime factors of (z/(-2))/(-8 + 23546/2944).
2, 23
Let a(j) = 2*j**2 + 26*j - 15. Suppose 2*v = 17*v - 90. What are the prime factors of a(v)?
3, 71
Suppose 86 - 22 = 8*c. Let q(r) = 3*r**2 + 17*r - 9. List the prime factors of q(c).
11, 29
Suppose -14*m - 2511 + 691 = 0. List the prime factors of ((-524)/(-5))/((-13)/m).
2, 131
Let x be (-1 - (-1 + -1))/(1/224). Let g = 309 - x. List the prime factors of g.
5, 17
What are the prime factors of -11 - (-23 + -55231 + 6)?
7, 13, 607
Suppose 3*t - 6 = 2*p, -2*p = p - 5*t + 10. Suppose p = -3*c - 5 + 41. Suppose 3*z - k = 8, -z = 2*z + 3*k - c. List the prime factors of z.
3
Let q = 1546 - -8915. What are the prime factors of q?
3, 11, 317
Let p = 75817 - 13922. List the prime factors of p.
5, 12379
Let r = -437 - -441. Suppose 4*h - 3*t - 372 = 0, 9*h + t = r*h + 465. What are the prime factors of h?
3, 31
Let f(x) = 234*x + 46. Let k be f(3). What are the prime factors of (k/(-6) - 3)/(5/(-30))?
2, 383
Suppose -704*m = -702*m - 58478. What are the prime factors of m?
7, 4177
List the prime factors of 7*5/(70/10632).
2, 3, 443
Let f be (39/(-9) + 5)*(-63)/(-6). Suppose 1203 = -f*z + 10*z. List the prime factors of z.
401
Let a = -39 - -44. Suppose a*q + 4*i = -0*q + 3074, -5*q = -i - 3094. What are the prime factors of q?
2, 3, 103
Let r(o) = 8175*o + 2474. What are the prime factors of r(4)?
2, 43, 409
Let o = 16181 - 10134. What are the prime factors of o?
6047
Suppose 0 = 4*v - 5*h + 361, -3*h - 2*h = -3*v - 277. Let r = 855 - 595. Let l = r + v. What are the prime factors of l?
2, 11
Let j = 2308 + -74. Suppose 27 = 7*s - j. List the prime factors of s.
17, 19
Let z(f) be the second derivative of -11/2*f**2 + 1/6*f**4 + 0 + 3/2*f**3 - 24*f. List the prime factors of z(-10).
3, 11
Let i = 493 - 913. Let y = 772 + i. List the prime factors of y.
2, 11
Let v(z) be the third derivative of -z**6/60 - 7*z**5/60 + z**4/4 + 3*z**3 - 51*z**2 - z. List the prime factors of v(-8).
2, 3, 7, 13
Suppose 0 = -3*v + 217 - 28. Let f = v - -508. What are the prime factors of f?
571
Suppose -3*d = 4*q - 23, -3*d - 4*q = d - 28. Suppose -2*s = -d*b + 10389, -6225 = -3*b - s + 5*s. List the prime factors of b.
3, 7, 11
Suppose 0 = 4*o + 4*h - 3092, 4*o - 3*h - 3068 = h. Let f = 1316 - o. What are the prime factors of f?
2, 3, 7, 13
Suppose -13*o = -23 - 29. Suppose t - 21 = -2*w, -5*w = -o*w - 5. What are the prime factors of t?
11
Suppose -4*v - 490 = -9*v. Let k be (-1 + -20)/((-42)/v). Suppose 5*d + 3*n - 187 = 0, -4*n + k = 4*d - 99. What are the prime factors of d?
2, 19
Let f(y) = -2*y**3 + 83*y**2 - 46*y + 99. What are the prime factors of f(39)?
2, 3, 5, 197
Let u = 5697 + 10238. What are the prime factors of u?
5, 3187
Suppose -23*a = -13*a + 3170. Let c = a + 547. List the prime factors of c.
2, 5, 23
Suppose -2 = 2*j, 3*f = 2*j + 1761 + 179. Let h = f + 79. What are the prime factors of h?
5, 29
What are the prime factors of 4 - (87601/(-68))/((-1)/(-4))?
3, 191
Let z(i) = 3*i + 60. Suppose -b + 4 - 6 = 0. Let y(w) = 2*w**3 + 2*w**2 - w - 6. Let n be y(b). What are the prime factors of z(n)?
2, 3
Suppose 0 = 17*k - 142379 + 13893. What are the prime factors of k?
2, 3779
Suppose 3*v - 1957 = -0*i + 5*i, i + 2*v = -394. Let k = 655 + i. What are the prime factors of k?
263
Let y(g) = -213*g + 11. Let f be 2/(-6) - 5/3. List the prime factors of y(f).
19, 23
Let b = -102 - -72. Let n = 30 + b. Suppose n = 5*i + 163 - 753. List the prime factors of i.
2, 59
Suppose 0 = 3*z - 2*a